 + 16 = 0. What are the prime factors of s?
2
Let i(l) = 25*l**2 + 45*l - 805. What are the prime factors of i(45)?
5, 10369
Let d(y) = -y**2 - 16*y - 55. Let n be d(-6). Suppose -2*q = 3*k - 1628, n*q - 4116 = -0*q + 4*k. What are the prime factors of q?
2, 5, 41
Let x(w) = -2*w. Let l(k) = -219*k - 120. Let o(z) = -l(z) + 2*x(z). What are the prime factors of o(4)?
2, 5, 7
Suppose 6*v = 18*v - 36. Suppose -v*x = 4*u - 137, -7*x + 10*x = -2*u + 139. Suppose -x*d + 42*d = -155. What are the prime factors of d?
31
List the prime factors of 59*(-658)/(-4)*((-1248)/(-91) - 12).
2, 3, 47, 59
Let v(j) = -8*j + 6. Let w be v(11). Suppose 8*q - 2*q + 726 = 0. Let b = w - q. List the prime factors of b.
3, 13
Suppose 4*k - 2 = -2*i - 4, -3*k - 2*i = 2. Suppose -104 = -3*m - o, k*m + 5*m + 2*o = 172. What are the prime factors of m?
2, 3
Suppose j - 267182 = -5*m, 267161 = 5*m + 137*j - 139*j. List the prime factors of m.
5, 10687
Let o(b) = -b**3 - b**2 + 5*b + 14. Let t be o(-4). Let j = 42 - t. Let u(n) = -n + 121. List the prime factors of u(j).
11
Let g(k) = 16*k**2 + 3*k - 4. Let c be g(4). Suppose 0 = 2*q - 10, 21*q + 163 = p + 24*q. Let a = c - p. List the prime factors of a.
2, 29
What are the prime factors of 155/((-72)/(-27) - (-85)/(-33))?
5, 11, 31
Suppose -7349 = -22*g + 4*g + 2137. What are the prime factors of g?
17, 31
Let f be 5685/10*(-6)/(-9). Let v = -48 - -52. Suppose -v*t = 83 - f. What are the prime factors of t?
2, 37
Suppose -3*c - 9 = -s, -9 + 3 = 2*s. Let o be 558/c*(-1 - 1). Suppose o = 10*m - 371. List the prime factors of m.
5, 13
Let k(p) = 421*p**2 - 2*p - 16 - 5 + 22. List the prime factors of k(1).
2, 3, 5, 7
Let k(f) = -f**3 - 15*f**2 - 17*f + 29. Suppose 10 = 5*x, 3*n + 7 = 4*n + x. Let o(m) = -3*m + 1. Let j be o(n). What are the prime factors of k(j)?
71
Let i(l) = l**3 - 19*l**2 - l + 23. Let m be i(19). Suppose -225 = -m*g - g. Suppose 0 = -5*z + 5*k + g + 190, 3 = k. What are the prime factors of z?
2, 5
Let i(x) = 3*x - 3*x - 30 + 0*x + 4*x. Let q be 426/24 + -1 - 1/(-4). What are the prime factors of i(q)?
2, 19
Suppose 0 = -3*g - 3*q + 6990, -5*g - 13*q = -12*q - 11626. List the prime factors of g.
2, 7, 83
Suppose 0 = 5*k + 2*i - 3*i - 3135, -4*k + 2532 = 4*i. Suppose -3*q = -5*b + 6*b - k, -2*q - 3*b = -414. List the prime factors of q.
2, 3, 5, 7
Suppose -14*c - 3481560 = -90*c. List the prime factors of c.
2, 3, 5, 509
Let w(s) = -212*s + 24. Let v(t) = -106*t + 12. Let a(d) = 9*v(d) - 4*w(d). What are the prime factors of a(-4)?
2, 109
Suppose 0 = -5*h + 267 - 247. Suppose -y + 325 = -22*g + 20*g, h*y - 1294 = 2*g. List the prime factors of y.
17, 19
Suppose -3*o + 1 = 34. Let q = 16 + o. Suppose q*l - 2*t - 876 = 0, 6*t - 5*t - 530 = -3*l. List the prime factors of l.
2, 11
Suppose 17*h = 9*h + 7496. Suppose s - h = -d - 268, -d = -s + 663. Suppose -4*f + 0*f + z = -s, -5*f + 4*z + 827 = 0. What are the prime factors of f?
167
Suppose 310*x - 32970 = 296*x. List the prime factors of x.
3, 5, 157
Suppose 0 = 80*x - 88*x + 944089 - 306097. List the prime factors of x.
3, 8861
Let o(v) = -4*v**3 + 176*v**2 - 3*v + 19. What are the prime factors of o(41)?
2, 29, 173
Let l = 177 - 108. What are the prime factors of (920/l)/((-1)/(-15))?
2, 5
Let j = 20412 - 3840. What are the prime factors of j?
2, 3, 1381
Let k = 197 + 134. Suppose 0 = -i - d + 233, k = -5*i + 4*d + 1514. List the prime factors of i.
5, 47
Let f(o) = -506*o - 1402. List the prime factors of f(-45).
2, 2671
Let p(o) = 48*o - 8*o**2 + 16 - o**3 - 5*o**2 + 2. What are the prime factors of p(-17)?
2, 179
Suppose 10*d - 8*d - 136 = 0. Let r = -102 + d. Let f = -17 - r. List the prime factors of f.
17
Let t(n) = 30*n**2 + 3*n - 56. Let r be t(-5). Suppose -949*v + 956*v - r = 0. What are the prime factors of v?
97
Suppose 5106 = 32*o + 37*o. What are the prime factors of o?
2, 37
Let i(f) = -154*f**3 - f**2 + 2. Let n be i(1). Let m = 252 + n. List the prime factors of m.
3, 11
Let h(u) = 42*u**2 - 20*u + 455. What are the prime factors of h(16)?
3, 19, 191
Let g = 8215 - 3896. List the prime factors of g.
7, 617
Suppose 87*o = 92*o - 15. Suppose -3*f + 932 = p, 3763 = 4*p + o*f + 2*f. List the prime factors of p.
947
Let c(i) be the third derivative of -1/6*i**3 + 0 + 1/4*i**4 + 0*i + 1/60*i**5 - 11*i**2. What are the prime factors of c(4)?
3, 13
Suppose -10*p + 26658 + 6962 = 0. List the prime factors of p.
2, 41
Let c = 29 - 24. Suppose 3*n = -c*n + 72. Let z = n - -9. List the prime factors of z.
2, 3
Suppose 2*t - 315 = 489. Let s(g) = 339*g**2 + 17*g - 20. Let f be s(1). Suppose t + f = 6*w. What are the prime factors of w?
3, 41
Let w be (2 + -120)/(2/(-10)). Let g be (1 - (-10)/1) + (19 - 30). Suppose 56*b - 51*b - w = g. What are the prime factors of b?
2, 59
Let l(n) = 64*n**2 + 10*n + 15. Let h be -6*(3/18)/(3/9). List the prime factors of l(h).
3, 11, 17
Let r(q) = -3*q - 33. Let n be r(-15). Suppose 291 = -n*c + 13*c. List the prime factors of c.
3, 97
Let n be (578/(-51))/(2/9). List the prime factors of n/2*40/(-15).
2, 17
Let t be 4/(-5)*(-15)/(-2). Let l = 0 - t. Let m = -1 + l. What are the prime factors of m?
5
Suppose -r - 3 = -2*q + 32, 4*q - 4*r = 60. List the prime factors of 96/q + -5 - (-651)/5.
2, 5, 13
Let x(r) be the second derivative of -r**5/20 + r**4/12 + 5*r**3/3 + 303*r**2 - 16*r - 3. List the prime factors of x(0).
2, 3, 101
Let s be (15/(-45))/(2/(-96)). What are the prime factors of 4/s - (-819)/4?
5, 41
Let h = -492 - -494. Suppose 18*w = 13*w - 5*o + 4000, -h*w + 1585 = -3*o. List the prime factors of w.
797
List the prime factors of (-66332)/21*((-28)/7 + 13)/(-2).
2, 3, 23, 103
What are the prime factors of 20/3*(-54)/45 + 5804?
2, 3, 7, 23
List the prime factors of ((47 - 45)*(-37)/2)/((-4)/7508).
37, 1877
Let c be -1*4 - ((-90)/(-10) - 15). Suppose -2*m - 421 = -4*m - 5*o, c*m = 5*o + 471. List the prime factors of m.
223
Let u(i) = 6 - 14*i**3 + 10 - 3 + 2*i + 2*i**2 - 4 - 11. Let d = 1 - 3. List the prime factors of u(d).
2, 3, 19
Suppose 49*m = 42*m + 21. Suppose -27 - 511 = -b. Suppose 3*k = -5*v + 671, -3*v + 7*v - b = -m*k. What are the prime factors of v?
7, 19
Let n be (-6 - -4 - 1) + 1. Let w be (9 - 13)*n*3/6. Suppose x + 3*i + 76 - 194 = 0, 494 = w*x + i. List the prime factors of x.
2, 31
Let p(f) = 1455*f + 23. Let q be p(1). Let z = -876 + q. List the prime factors of z.
2, 7, 43
Let p = 441 - -1792. List the prime factors of p.
7, 11, 29
Suppose 55 = 11*y - 0*y. Suppose -y*t + 11*t = -270. Let g = t - -61. List the prime factors of g.
2
Let k(o) = o**2 - 19*o + 10. Suppose 0 = 11*g - 8*g - 57. Let n be k(g). Suppose 522 = 3*x - 2*z, -8*x - 2*z - 346 = -n*x. What are the prime factors of x?
2, 11
Suppose -6*x + 23*x = 4029. Let p = x + 128. List the prime factors of p.
5, 73
Let k be (-11207)/(-49) + 6/21. Suppose k*j - 232*j = -777. List the prime factors of j.
7, 37
Let o = -20329 + 35064. What are the prime factors of o?
5, 7, 421
List the prime factors of (-67335)/(-7) - (2/(-14))/((-3)/6).
9619
Let c(r) = -3*r**3 - r**2 + r. Let i be c(2). Let f = 29 + i. Suppose -55 = -l - 3*o, -o - 90 = -2*l + f*o. What are the prime factors of l?
7
Let f(n) = 365*n**2 + 32*n + 109. List the prime factors of f(-3).
2, 17, 97
Let n(j) be the first derivative of 17*j**3/3 + 13*j**2/2 - 106*j - 88. List the prime factors of n(6).
2, 73
Let g(f) = -f**3 - 11*f**2 - 15*f + 6. Let z be g(-12). Let k = z + 293. What are the prime factors of k?
7, 89
Suppose 0 = 107*j - 105*j - 140. Suppose l + j = 6*l. Suppose -134 = -4*a + l. What are the prime factors of a?
37
Let h be (-7 - -4)*(-1516)/6. Let t = h + -1119. Let m = -216 - t. What are the prime factors of m?
5, 29
Let x(s) = -s**3 + 10*s**2 + 11*s + 5. Let n be x(11). What are the prime factors of (n - -4)/(282/70 - 4)?
3, 5, 7
List the prime factors of (-19025816)/(-620) + (-3)/(-15).
3, 53, 193
Let l(v) = -v**3 - 14*v**2 - 14*v - 13. Let z be l(-13). Suppose z = 2*p + 383 + 383. Let x = -155 - p. List the prime factors of x.
2, 3, 19
Suppose 0 = -5*f + 5, 134*c - 15867 = 133*c - 3*f. What are the prime factors of c?
2, 3, 661
Let m(b) = 5*b**2 + b**2 + b**2 - 3 + 2*b. Let p be m(1). What are the prime factors of 342/27 - (-2)/p?
13
Let q = 151 - 14